 63455304?
3
What is the hundred thousands digit of 82688981?
6
What is the millions digit of 70800507?
0
What is the hundreds digit of 633876533?
5
What is the ten millions digit of 734973832?
3
What is the hundred thousands digit of 342231513?
2
What is the millions digit of 86378999?
6
What is the ten thousands digit of 6369371470?
7
What is the units digit of 1321835947?
7
What is the hundreds digit of 89807304?
3
What is the millions digit of 35233989?
5
What is the tens digit of 200189940?
4
What is the hundreds digit of 303248342?
3
What is the hundred thousands digit of 3981622?
9
What is the millions digit of 64567669?
4
What is the millions digit of 3980835773?
0
What is the millions digit of 3757968259?
7
What is the hundreds digit of 2630407368?
3
What is the ten thousands digit of 266525042?
2
What is the hundred thousands digit of 324120054?
1
What is the millions digit of 2654359093?
4
What is the ten millions digit of 1217979555?
1
What is the hundred thousands digit of 4548698609?
6
What is the tens digit of 230110060?
6
What is the thousands digit of 491074947?
4
What is the hundreds digit of 115438240?
2
What is the hundreds digit of 878806?
8
What is the hundred thousands digit of 545279541?
2
What is the millions digit of 39675310?
9
What is the millions digit of 15562517?
5
What is the ten thousands digit of 1418087588?
8
What is the hundreds digit of 184361422?
4
What is the millions digit of 29969276?
9
What is the hundred millions digit of 6186502191?
1
What is the tens digit of 61983065?
6
What is the hundred thousands digit of 12634378?
6
What is the hundreds digit of 438814264?
2
What is the thousands digit of 50458766?
8
What is the hundred millions digit of 157575393?
1
What is the units digit of 126767868?
8
What is the thousands digit of 892235207?
5
What is the thousands digit of 48775677?
5
What is the thousands digit of 997307312?
7
What is the thousands digit of 245928061?
8
What is the ten millions digit of 868251680?
6
What is the thousands digit of 82679329?
9
What is the ten thousands digit of 127421058?
2
What is the ten thousands digit of 216175789?
7
What is the hundred thousands digit of 774473916?
4
What is the tens digit of 4303970?
7
What is the millions digit of 32385627?
2
What is the tens digit of 1468737914?
1
What is the units digit of 2087635255?
5
What is the thousands digit of 4522637?
2
What is the ten thousands digit of 29015256?
1
What is the tens digit of 627743491?
9
What is the units digit of 129409149?
9
What is the millions digit of 402852837?
2
What is the hundred millions digit of 108726037?
1
What is the hundred thousands digit of 3179983396?
9
What is the hundred millions digit of 4034427168?
0
What is the ten thousands digit of 10918069?
1
What is the thousands digit of 95572251?
2
What is the hundred millions digit of 356372041?
3
What is the hundred thousands digit of 730696136?
6
What is the ten thousands digit of 181754934?
5
What is the units digit of 767563381?
1
What is the millions digit of 450629828?
0
What is the hundreds digit of 12905155?
1
What is the millions digit of 142677171?
2
What is the millions digit of 1006125332?
6
What is the tens digit of 1051534615?
1
What is the hundreds digit of 436486876?
8
What is the millions digit of 414486914?
4
What is the hundreds digit of 1127036750?
7
What is the ten millions digit of 58479824?
5
What is the millions digit of 79047341?
9
What is the hundreds digit of 203099540?
5
What is the units digit of 2651109?
9
What is the hundreds digit of 135721215?
2
What is the thousands digit of 17628178?
8
What is the millions digit of 55323702?
5
What is the tens digit of 14627569?
6
What is the ten thousands digit of 901998951?
9
What is the hundreds digit of 301269451?
4
What is the hundred millions digit of 193349228?
1
What is the units digit of 2166582917?
7
What is the hundred millions digit of 1595504865?
5
What is the ten millions digit of 250957617?
5
What is the ten thousands digit of 647406598?
0
What is the hundred millions digit of 4831283033?
8
What is the ten millions digit of 55702333?
5
What is the ten millions digit of 18440248?
1
What is the hundred thousands digit of 297919575?
9
What is the units digit of 69013399?
9
What is the ten thousands digit of 103769668?
6
What is the millions digit of 3267688459?
7
What is the hundreds digit of 269987209?
2
What is the hundred thousands digit of 580742360?
7
What is the hundred thousands digit of 2459263043?
2
What is the thousands digit of 113359676?
9
What is the millions digit of 33250733?
3
What is the thousands digit of 5728905532?
5
What is the tens digit of 16580766?
6
What is the ten millions digit of 34396134?
3
What is the hundred thousands digit of 2771879873?
8
What is the hundred thousands digit of 6515252579?
2
What is the units digit of 48807100?
0
What is the hundred millions digit of 1145230545?
1
What is the units digit of 58198088?
8
What is the units digit of 38305814?
4
What is the ten millions digit of 18592487?
1
What is the hundred thousands digit of 124459686?
4
What is the tens digit of 9074883742?
4
What is the ten millions digit of 68464781?
6
What is the ten millions digit of 349297163?
4
What is the millions digit of 6268806?
6
What is the thousands digit of 75308157?
8
What is the hundred thousands digit of 122716392?
7
What is the hundreds digit of 239790582?
5
What is the ten millions digit of 14102814?
1
What is the thousands digit of 67368065?
8
What is the hundred thousands digit of 20229132?
2
What is the hundred millions digit of 215840717?
2
What is the hundred thousands digit of 4053739461?
7
What is the hundred thousands digit of 451607916?
6
What is the tens digit of 786677046?
4
What is the tens digit of 35365033?
3
What is the ten thousands digit of 2300429?
0
What is the hundreds digit of 171752787?
7
What is the tens digit of 314540036?
3
What is the thousands digit of 51172046?
2
What is the tens digit of 192693068?
6
What is the units digit of 586665640?
0
What is the ten millions digit of 65206348?
6
What is the thousands digit of 793177205?
7
What is the millions digit of 2287764?
2
What is the millions digit of 52856653?
2
What is the millions digit of 107613862?
7
What is the ten thousands digit of 1398571805?
7
What is the units digit of 3788712154?
4
What is the ten millions digit of 4488760203?
8
What is the ten thousands digit of 69891723?
9
What is the hundred thousands digit of 139359029?
3
What is the tens digit of 604859296?
9
What is the hundreds digit of 1622759632?
6
What is the hundred millions digit of 287788872?
2
What is the hundreds digit of 6555715620?
6
What is the millions digit of 51135387?
1
What is the tens digit of 417528447?
4
What is the hundreds digit of 1152157891?
8
What is the hundred millions digit of 694442609?
6
What is the thousands digit of 424510748?
0
What is the ten thousands digit of 1898140407?
4
What is the units digit of 124159763?
3
What is the units digit of 53955372?
2
What is the millions digit of 41171494?
1
What is the ten thousands digit of 4215324871?
2
What is the units digit of 64584320?
0
What is the millions digit of 23439581?
3
What is the tens digit of 57600080?
8
What is the hundred thousands digit of 5871846556?
8
What is the ten millions digit of 13966942?
1
What is the ten millions digit of 350304231?
5
What is the hundred millions digit of 383242555?
3
What is the hundred millions digit of 145556087?
1
What is the hundred thousands digit of 4033289908?
2
What is the millions digit of 96214091?
6
What is the millions digit of 214261693?
4
What is the hundred millions digit of 105472778?
1
What is the tens digit of 90258744?
4
What is the thousands digit of 2476581256?
1
What is the ten thousands digit of 1290646705?
4
What is the tens digit of 29044665?
6
What is the billions digit of 1258165137?
1
What is the ten thousands digit of 27258145?
5
What is the ten millions digit of 206226207?
0
What is the millions digit of 43504855?
3
What is the ten thousands digit of 71544733?
4
What is the millions digit of 2450598604?
0
What is the units digit of 2489658258?
8
What is the millions digit of 98030671?
8
What is the ten millions digit of 677512173?
7
Wh